w) = -13*w + 5*w + 89 - 105. What is r(-2)?
0
Let j(r) = -r + 16. Let o be j(12). Let a(x) = -x + 6. Calculate a(o).
2
Let x(j) = -j**2 + 12*j + 4. Let c(u) = -8*u**2 - 4*u + 14. Let i be c(0). Give x(i).
-24
Let g be (-22)/2*8/4. Let v = g + 22. Let c(h) = h + 6. What is c(v)?
6
Let y(l) = 2*l**2 + 12 - 5*l**2 + 0*l - 8*l + 2*l**2. Give y(-10).
-8
Let j(k) be the first derivative of k**4/4 - k**2/2 + k - 48. Give j(0).
1
Let f(u) be the third derivative of u**6/120 - u**5/30 - 3*u**4/8 + 7*u**3/6 + 77*u**2. Give f(4).
3
Let j(v) = 0*v - v + 2 + 5*v. Let d(c) = 9*c + 5. Let s(t) = -3*d(t) + 7*j(t). Suppose 41*q + 111*q - 18*q + 804 = 0. Calculate s(q).
-7
Let u(g) = -g**3 - 19*g**2 - 17*g + 41. Let y be u(-18). Let i(t) = -15 - y + 39 - 6*t. Suppose 2*p + 16 = 3*k, 0*p + 3*p = k - 17. Calculate i(k).
-11
Let w = -9 - -24. Suppose -5*a - 15 = t - 3*t, -4*a = -t + w. Let p(i) be the second derivative of i**3/6 + 3*i**2/2 - 3*i. What is p(a)?
-2
Suppose -i - 4 = -3*i. Suppose -5*f + 1 + 3 = -c, -i = c - 3*f. Let s(x) = -c + 0*x + 2*x + 7*x**2 + 0*x - 3*x. Determine s(-1).
7
Let a(u) be the first derivative of -u**3/3 + 2*u**2 - 3*u + 16. Suppose -2*r - 4*v + 20 = 3*r, 3*v + 16 = 4*r. Determine a(r).
-3
Let r(w) be the second derivative of 1/2*w**2 - 1/2*w**4 - 22*w + 0 - 1/6*w**3. Calculate r(-2).
-21
Suppose 13*i = 9*i - 4. Let y(c) = -2*c**2 + 3*c + 2. Calculate y(i).
-3
Let x = 2 + 4. Let c be x/(5/(10/4)). Let i(y) = -6*y + y**2 + 6*y + 4 - 3*y. Calculate i(c).
4
Let l(r) = r - 5. Let t = -279 - -289. What is l(t)?
5
Suppose -40 = -2*j - 2*j. Suppose 8 - j = -2*n. Let t = n - 4. Let y(w) = 3*w + 4. Calculate y(t).
-5
Suppose 0 = -2*p + 5*q + 24, 2*q + 16 = 4*p - 0*q. Let w(f) = 6 + 0*f**2 + 0*f**2 + f**p - 5*f. Let r(j) = j**2 - j - 24. Let m be r(-5). Give w(m).
12
Let m(l) = 16*l - 88. Let u(n) = -9*n + 47. Let i(r) = -6*m(r) - 11*u(r). Determine i(-6).
-7
Let r(b) = -3*b - 3. Let d = -4 - 26. Let j = d - -28. Give r(j).
3
Let z(g) = 7*g**3 - 8*g**3 - 926*g + 927*g - 1 + 4*g**2. Suppose 0 = -2*n + c + 8, 6 = -5*n - c - 3*c. What is z(n)?
9
Let r be ((-8)/(-28))/((-2)/(28/(-1))). Let g = -9 + 2. Let w = g + r. Let s(j) = -3*j - 4. Determine s(w).
5
Let j(t) = -5 + t**3 + 192*t - t**2 + 191*t - 382*t. Determine j(0).
-5
Let h(k) = -14*k - 5. Let z(m) = 79*m + 24. Let v(w) = 11*h(w) + 2*z(w). What is v(-6)?
-31
Let p(w) = -5*w**2 + 0*w**2 + 138*w**3 + 1 + 2*w - 137*w**3. Give p(4).
-7
Let p(r) = 58*r - 14*r**2 - 78*r + 10*r**2 + 5*r**2 + 4. What is p(20)?
4
Let o(n) = 13*n + 102. Let f be o(-8). Let t(s) = -s**3 - 3*s**2 + s. Give t(f).
-6
Let o(b) = -223*b**3 + 431*b**3 - 2*b - 1 - b**2 + 0*b**2 - 222*b**3. Calculate o(-1).
14
Let z(p) = 5*p**3 - 6*p**2 - 5*p + 8. Let q(x) = -x**3 - x**2 - x - 1. Let f(y) = -6*q(y) - z(y). What is f(-11)?
-2
Suppose -32 = 3*n - 4*n - 4*l, -l = -4*n + 43. Suppose 6 = -m + 4, -5*v = m + n. Let c(w) = -2*w**3 - 3*w**2 - 3*w. Determine c(v).
10
Let n(p) = -7*p**2 - p - 8. Let j(t) = 16*t**2 + 2*t + 18. Let x(v) = -4*j(v) - 9*n(v). Let d be 1/(-5) - 16/20. Calculate x(d).
-2
Let h(u) = -u**3 + 8*u**2 - 1. Let v(l) be the first derivative of -l**3/3 - 4*l**2 - 8*l + 17. Let t be v(-4). Calculate h(t).
-1
Let p(h) = -2*h**2 + 21*h + 13. Let i be p(11). Let w(g) = 3*g**3 - 2*g**2 - g. Calculate w(i).
14
Suppose 5*a = 2*i + 8 + 2, 5 = i. Let t(k) = 21*k**2 + 11*k + 1 - a*k + 29*k**2 - 49*k**2. Calculate t(-8).
9
Let v(x) = x**3 + 5*x**2 - 25*x - 1. Let j be v(-8). Let i(r) = -r**3 + 8*r**2 - 9*r + 7. Give i(j).
-7
Let s = -15 - -20. Suppose s*j + 20 = 0, -2*t + 2*j - 5*j = 18. Let u(m) = m**3 + 2*m**2 - m. Determine u(t).
-6
Let j(o) = 8*o + 7. Let u(n) = -2*n. Let i(d) = -j(d) - 6*u(d). Determine i(5).
13
Let w be (1 - (1 + -2)) + 0. Suppose 3*m + w*y - 23 = 0, 4*m - 2*y = 2*y + 4. Let t(f) = 6*f - 3*f + 2 + 1 - m*f. Calculate t(5).
-7
Let y(u) = 2*u**3 + 2*u**2 - u + 3. Let k be (9 - (-250)/(-30))/(4/(-18)). Give y(k).
-30
Suppose -75 = -5*j + 3*o, -6*j + 3*j - 4*o + 16 = 0. Suppose -5*r + r = 0. Suppose 2*c - 5*c - j = r. Let m(v) = -v - 1. Calculate m(c).
3
Suppose 3*x = -m - 4 + 10, 2 = -3*m - 4*x. Let u(v) be the second derivative of -v**4/12 - 4*v**3/3 - 4*v**2 + v. Determine u(m).
4
Let r(x) = -4*x - 109. Let f be r(-26). Let j(g) = -4*g - 19*g**2 + 1 + 10*g**2 - 4 + 8*g**2. Give j(f).
-8
Let i(c) = 8*c + 2. Let h be -1 - (2/(-8) - 1325/(-20)). Let m = -65 - h. What is i(m)?
18
Let a(f) be the third derivative of -f**5/60 + f**4/24 + 17*f**3/6 - 4*f**2 + 141*f. Give a(-4).
-3
Let k be (-18)/(-4) + ((-10)/(-4) - 2). Suppose -20 = -r - 4*g, 2*g = g + k. Let m(h) = -h**2 + h - 9. Calculate m(r).
-9
Let i(d) = -d - 1. Let k(n) = 2*n + 5. Let y(x) = -3*i(x) - 2*k(x). What is y(-6)?
-1
Let u be 265/35 - ((-234)/(-42) - 5). Let y(n) = -2*n**2 + 14*n + 5. Give y(u).
5
Let i(b) = -b**3 - 9*b**2 + 8*b - 11. Let g(v) = v**2 - 32*v - 43. Let q be g(33). Calculate i(q).
9
Let r(l) = l**3 + 5*l**2 - 4*l + 13. Let x(u) = 2*u**3 + 4*u**2 - 3*u + 14. Let c(t) = -3*r(t) + 2*x(t). What is c(6)?
-11
Let d(g) = -2*g + 15. Let k be (-24)/16*4/(-6). Let q be ((-20)/8)/(k/4*-1). Determine d(q).
-5
Suppose 3*z = 5*o - 4, -4*o = 4*z - 7*o - 2. Let t(f) be the first derivative of -5 + z*f - 1/3*f**3 - 5/2*f**2. Calculate t(-5).
2
Let u(x) = -x**2 - 8*x - 24. Let f(a) = 2*a**2 + 9*a + 25. Let q(r) = -2*f(r) - 3*u(r). Let b(n) be the first derivative of q(n). Give b(6).
-6
Suppose -5*j - 2*x = 4, 0*j = 2*j + 5*x + 10. Let i(l) be the second derivative of 1/2*l**2 + 1/12*l**4 + 3*l + j*l**3 + 0. What is i(1)?
2
Let l(i) be the second derivative of i**4 - 258*i. What is l(-1)?
12
Let i(a) be the second derivative of a**4/12 - 2*a**2 - 10*a. Let g = -39 - -45. Let t be g/9*45/10. What is i(t)?
5
Let w(t) = t**2 + 0*t**2 + 3 - 6*t + 0*t**2. Let q be 80/12*(-3 + 9). Let z be 3/(-8) - (-215)/q. Calculate w(z).
-2
Let h(k) = 2*k + 3. Let j(a) = -5*a - 7. Let s(u) = 7*h(u) + 3*j(u). Give s(8).
-8
Let w = 36 - 43. Let l(n) be the second derivative of 0 + 4*n - 4*n**2 - 1/6*n**3. Give l(w).
-1
Let v(i) be the third derivative of -i**5/60 + 11*i**4/24 + i**3 - 34*i**2. Give v(12).
-6
Suppose -o = -5*o + 24. Let s = 68 - 59. Suppose 3*z = -s - o. Let y(q) = q**2 + 4*q - 3. What is y(z)?
2
Let m(t) = 3*t + 6. Let k = 11 - 8. Let u = 6 - k. Suppose 5*r - s = -28, u*r - 5*s = -4*s - 18. Calculate m(r).
-9
Let n(m) = -m**3 - 7*m**2 - 5*m - 8. Let h be n(-6). Let z = 49 + h. Suppose 6*p + z = p. Let w(a) = -a**3 - 6*a**2 + 7*a + 8. Calculate w(p).
8
Let o = 1 + -1. Let w be o/(0 - 3 - -2). Let l(k) = w*k**3 - 5*k**2 + 5*k - k**3 - k**3 + k**3. Calculate l(-6).
6
Let z(u) = -2*u - 1. Suppose -8*x + 5 = -3*x. Suppose -3*n - x = -2*n. Calculate z(n).
1
Let v(c) = c**2 + 3*c + 2. Let x(k) = -5*k - 2. Let o be x(-4). Let r be (-146)/(-6) + (-6)/o. Let b be (r/20)/((-2)/5). Calculate v(b).
2
Let k(y) = -y**2 - 8*y + 7. Let h(r) = -r**3 - r**2 + 12*r + 10. Let s be h(-3). Determine k(s).
7
Let h(t) be the first derivative of -t**3/3 - 7*t**2/2 - 5*t + 407. Determine h(-2).
5
Suppose 0*l - 3*l - 2*w = -12, -l - 10 = -4*w. Suppose 0 = -2*k + 4*d, -l*d - 2 = 2*k - 5*d. Let r(o) = 55*o - 2 - 92*o + 38*o. Calculate r(k).
-6
Suppose -7*j + 25*j = -18. Let z(s) = 8*s**3 + s**2 + 2*s + 1. Calculate z(j).
-8
Let n(y) = -y - 21. Suppose 17*s = -114 - 294. Calculate n(s).
3
Let x(h) = -2*h + 1. Let c(l) = -l**2 + 7*l - 2. Let o be c(6). Suppose -4*k + 0 = o. What is x(k)?
3
Let i = 471 + -473. Let m(o) be the third derivative of 0*o + 1/60*o**5 + 1/3*o**3 + 0 + 1/24*o**4 + 2*o**2. Determine m(i).
4
Let m(t) = -5*t + 9. Let l(b) = -4*b + 8. Let p(n) = 4*l(n) - 3*m(n). Let i be p(3). Let g(w) = -w**3 + i + 0*w + w - 3*w**2 + 0*w**3 + 0*w**2. What is g(-3)?
-1
Let f(n) = -2*n - 6. Let r(j) be the third derivative of -j**5/10 + j**4/24 + j**3/6 - j**2. Suppose -7 = u - 6. Let l be r(u). What is f(l)?
6
Let r = -24 - -25. Suppose -5*s - r = -21. Let j(d) = d**3 - 3*d**2 - d + 2. Calculate j(s).
14
Let s(x) = -x**2 - 3*x - 11. Let m be s(-2). Let o(f) = -3*f + 4. Let y(j) = j + 1. Let u(a) = o(a) + 4*y(a). Determine u(m).
-1
Let q(z) = -z + 1. Suppose 4*t = 8*t - 8. Let j be (-2)/26*2 + 1998/481. Suppose -l + 11 = -5*d, t*l + j*d + 16 = l. What is q(l)?
5
Suppose 0 = 7*g + 